be (-15 - -108)*4*3/12. Calculate the highest common factor of f and 12.
3
Let k be 0/4 - 0/(-1). Suppose -11*w + 15*w - 272 = k. Calculate the highest common divisor of w and 17.
17
Let i be (-2 - -5) + (3 - 3). Let z be -2 + -57 + (-1 - i). Let c = 27 - z. What is the highest common factor of c and 15?
15
Let n be ((-4)/3)/(70/(-24885)). What is the highest common divisor of 79 and n?
79
Let h(k) = 25*k + 1. Let f be h(1). Let n = 117 - 35. Suppose -12*i = -698 - n. Calculate the greatest common factor of f and i.
13
Suppose 0 = -7*x - 190 + 533. Suppose 0 = -h + 5, h + x = -5*k + 294. Calculate the highest common divisor of k and 6.
6
Let r = 65 + -61. Let c be r + (41 - (-4 - -1)). What is the greatest common factor of c and 6?
6
Let d = -1170 - -1212. Suppose 2*y - 5*a - 48 = 0, 4*y - 68 = 4*a + 4. Suppose 0*t + t - y = 0. What is the highest common factor of d and t?
14
Suppose 543 = 19*c - 198. Calculate the highest common factor of 351 and c.
39
Suppose 0 = -2*s + 2 - 4. Let p be ((-88)/55)/(s/10). What is the greatest common divisor of 88 and p?
8
Let n be (-3 - (-3)/3) + 173. Let t = 48 - 29. Calculate the highest common factor of n and t.
19
Let n = 4 - -141. Let k(x) = 3*x**2 + 5*x + 1. Let m be k(-4). Calculate the highest common divisor of m and n.
29
Let w be (-480)/14*(-350)/100. What is the greatest common divisor of 50 and w?
10
Let i = -47 - -61. Suppose -164 = -4*u + 4*l, 0*u - 3*u = -2*l - 120. Let h = u - i. Calculate the highest common divisor of h and 36.
12
Let b be (623/3)/(-7)*(-1 - 2). Let a = b - 53. Calculate the highest common divisor of a and 36.
36
Let a be (0 - 0)/(3 + -2). Let o be a + -1 + 36/6. Let t = o + -1. Calculate the highest common factor of 6 and t.
2
Let a = 108 + -36. Calculate the highest common divisor of 324 and a.
36
Let o = -16 + 14. Let t be o*3*(-2)/3. Suppose 2*b = -t*z + 192, z + 182 = -0*b + 2*b. Calculate the highest common divisor of b and 23.
23
Suppose 0 = z - 5*w - 34 - 61, 0 = -5*z - w + 345. Suppose 5*m - z - 5 = 0. Calculate the highest common divisor of m and 5.
5
Suppose -3*i + 5*y = -292, 0*i + i + 3*y - 102 = 0. Suppose 2*c + 27 = i. What is the highest common divisor of c and 24?
12
Suppose 0 = 5*s - 4*b - 66 - 22, b + 2 = 0. Calculate the greatest common divisor of s and 64.
16
Suppose 12*k + 847 = 1471. What is the greatest common factor of k and 1300?
52
Suppose -2*b + 32 = 2*b. Suppose 3*g - 4*g - b = 0. Let k = 48 + g. What is the greatest common divisor of 16 and k?
8
Suppose 0*q = -0*q + 10*q. Suppose q = 14*j - 2*j - 1152. What is the highest common divisor of 48 and j?
48
Let y be (14/(-8))/((-2)/24). Let o = 6 + -6. Suppose 5*c = -o*f + 5*f + 940, c + f - 190 = 0. What is the highest common factor of c and y?
21
Suppose 26*j - 40*j + 84 = 0. What is the greatest common divisor of j and 12?
6
Suppose 3*g + 7 = -2*h, 4 - 1 = -5*g + h. Let r be ((-304)/4)/g + 2/2. What is the highest common factor of r and 7?
7
Let s(x) = -x**2 - x + 42. Let g be s(0). Let i = 46 - g. What is the highest common factor of 1 and i?
1
Let a = 33 - -37. Suppose 0 = -3*c + 5 + 7. Let x be (2/c)/((-11)/(-154)). What is the highest common factor of a and x?
7
Let i = -207 + 1040. Calculate the highest common divisor of i and 17.
17
Suppose 4*w - 9 = w. Let b(g) = g - 1. Let n be b(w). Let v be n - (1 - 17)/1. Calculate the highest common factor of 36 and v.
18
Let y be 688/23 - 8/(-92). What is the highest common divisor of 50 and y?
10
Let r(p) = 9*p - 31. Let f be r(7). What is the greatest common divisor of 24 and f?
8
Suppose -4*x - 10*g = -7*g - 119, 0 = -4*x - 2*g + 118. Let c = -22 + 225. Calculate the greatest common divisor of c and x.
29
Suppose 0 = 2*i - 12 + 8. Suppose -i*x - 108 = 216. Let l = -90 - x. Calculate the greatest common divisor of 48 and l.
24
Let t be 204/153 - 398/(-3). Calculate the greatest common factor of t and 335.
67
Suppose -4*c + 114 = 2*y - 4, 0 = c + 2*y - 28. Suppose 2*l - c = -l. Calculate the highest common factor of 50 and l.
10
Let q(l) = l**2 + 13*l - 11. Let g be q(-14). Suppose 0 = 5*a + 2*u - 89 - 96, g*a - 3*u - 90 = 0. Calculate the highest common divisor of 7 and a.
7
Let z be 86 - (1 + -1)/(1 - -3). What is the greatest common divisor of z and 301?
43
Let l(c) = -c + 2. Let p be l(2). Let o = 89 + p. Let h = o + -55. What is the highest common factor of 374 and h?
34
Let b = -507 - -767. Suppose -4*n + b + 232 = 0. Suppose 2*d = -3*t + 7*d + n, 3*d + 9 = 0. Calculate the highest common divisor of t and 12.
12
Let u(x) be the first derivative of -x**3/3 + 13*x**2 + 8*x - 17. Let a be u(24). What is the greatest common divisor of a and 16?
8
Suppose 7*b = 4*b + 75. Let t(a) = -2*a**2 - 4*a + 17. Let q be t(3). Let r = b + q. Calculate the highest common factor of 24 and r.
12
Suppose -3*k + 49 = 13. What is the highest common factor of k and 20?
4
Suppose -5*o - 2*t = -98, 0*t - 32 = -2*o + t. Let h be 24/15*55/22. Suppose z = h*r + 20, -r = 3*z - 0*r - 112. What is the highest common factor of z and o?
18
Let p(l) = -9*l - 3. Let d be p(-4). Let c = -17 + d. Suppose -27*r - 17 + 449 = 0. What is the highest common divisor of r and c?
16
Let p = 279 - 265. Calculate the greatest common factor of 98 and p.
14
Suppose 223*j - 63 = -i + 221*j, -3*j = i - 67. Let o be (-2)/4 - 89/(-2). What is the highest common factor of i and o?
11
Let q(l) = l**3 - 4*l**2 + 2*l + 3. Let s be q(3). Suppose -5*w = -s - 5. Let g be ((-20)/12 + w)*-27. What is the highest common divisor of 54 and g?
18
Let i(w) = -79*w - 103. Let k be i(-9). Calculate the greatest common factor of 32 and k.
32
Suppose 300 = 740*t - 734*t. What is the highest common divisor of t and 150?
50
Let f = -4 + 12. Suppose l = -f + 38. What is the greatest common factor of 20 and l?
10
Suppose -4 = n, 25 = 4*q - q - 4*n. Suppose -2*u + 5*s = 3*u + 10, 0 = 2*s - 10. Suppose -u*p = -44 + 8. Calculate the highest common factor of q and p.
3
Let r = 642 + -222. Calculate the highest common divisor of 105 and r.
105
Let s(v) = -2*v**2 + 14*v - 8. Let j be s(4). Suppose c = j*c - 45. What is the highest common factor of c and 5?
1
Let h be ((-267)/(-12) - -6) + 6/8. Let q be 1 - (-332 + -2 + 0). Suppose -3*g + q + 13 = 0. Calculate the greatest common factor of h and g.
29
Let v(g) = 2*g + 4. Let l be v(4). Suppose 4*o + 0 = -j + 6, -5*j = 2*o - 30. Calculate the highest common divisor of j and l.
6
Let x be 1748/(-10) - 11/55. Let t = x + 273. Calculate the highest common factor of 14 and t.
14
Let w(g) = -g + 6. Let z be w(5). Let o be 3 + 18 + (z - 5). Let u(l) = 52*l**2 + l. Let i be u(-1). Calculate the highest common divisor of i and o.
17
Let q(g) = -6*g - 6. Let i be q(-8). Let r = i + -30. Let b = 0 - -12. What is the greatest common divisor of r and b?
12
Suppose 15*x + 43 = 3*a + 16*x, -37 = -3*a + 5*x. What is the greatest common divisor of a and 112?
14
Suppose 93 = y - 5*a - 22, 0 = 5*y - 5*a - 655. Calculate the greatest common factor of y and 5.
5
Let w = 27 + -19. What is the greatest common divisor of w and 128?
8
Suppose 0 = -5*x + 25, c - 84 = 2*x - 6. Let w be (2 - 0)/((-2)/(-8)). What is the greatest common factor of w and c?
8
Let u(r) = -r**2 - 13*r - 23. Let g be u(-9). Let y be g - (0 - (-1 - -1)). What is the highest common factor of 13 and y?
13
Suppose 22 = -6*m + 106. What is the greatest common divisor of 56 and m?
14
Let t(b) = -31*b + 15 + b**2 + b**2 + 30*b. Let a be t(5). What is the highest common divisor of a and 12?
12
Suppose 2*c - i = -c + 46, 2*c = -i + 29. What is the highest common divisor of c and 50?
5
Let m be -41*3/1 - 0. Let t = 186 + m. Suppose 4*z - 25 = t. What is the highest common factor of z and 2?
2
Let l(q) = -q**2 + 19*q + 44. Let x be l(21). Calculate the highest common factor of 4 and x.
2
Suppose -2*w = -5*f + 87, 56 = 4*f + 10*w - 15*w. Calculate the highest common divisor of 1349 and f.
19
Let g(z) = z**2 + z - 20. Let p be g(7). Calculate the highest common divisor of 81 and p.
9
Suppose -3*k + 39 = 3*q, -2*k + 3*q + 14 = -q. Suppose 573 = -44*b + 4445. Calculate the greatest common divisor of k and b.
11
Let j = -622 - -817. Calculate the greatest common factor of 15 and j.
15
Let y(f) = 2*f + 8*f - 2*f - 2*f + f**2 + 11. Let c b